{"id":776,"date":"2015-06-23T12:38:59","date_gmt":"2015-06-23T10:38:59","guid":{"rendered":"http:\/\/laloba.pl\/kosmetyka\/?page_id=776"},"modified":"2023-04-06T22:03:40","modified_gmt":"2023-04-06T20:03:40","slug":"stopy","status":"publish","type":"page","link":"https:\/\/laloba.pl\/kosmetyka\/oferta\/stopy\/","title":{"rendered":"Stopy"},"content":{"rendered":"<h5>*Strona<strong> z ofert\u0105 w budowie, wi\u0119kszo\u015b\u0107 informacji z zak\u0142adce oferta jest nieaktualnych.<\/strong><\/h5>\n<h5><strong>*Aktualne informacje w zak\u0142adce <a href=\"https:\/\/laloba.pl\/kosmetyka\/cennik\/\">CENNIK<\/a> oraz przy bezpo\u015brednim <a href=\"https:\/\/laloba.pl\/kosmetyka\/kontakt\/\">KONTAKCIE<\/a> z nami.<\/strong><\/h5>\n<p>&nbsp;<\/p>\n<p>[vc_row][vc_column]\n\t\t<!--New Tabs-->\n\t\t<div class=\"newtabs clearfix horizontal \">\n\t\t\t<ul class=\"resp-tabs-list\">\n\t\t\t<\/ul>\n\t\t\t<div class=\"resp-tabs-container\">\n\t\t<div class=\"single_tab_div\" rel-title=\"O mezoterapii\" rel-icon=\"\">[vc_column_text]Mezoterapia bezig\u0142owa to nowoczesny, bezinwazyjny i bezbolesny system transportu substancji aktywnych w g\u0142\u0105b sk\u00f3ry, co daje efekt jej odm\u0142odzenia, zmniejszenia zmarszczek, rewitalizacji,\u00a0 g\u0142\u0119bokiego nawil\u017cenia, a tak\u017ce redukcji cellulitu, rozst\u0119p\u00f3w i tkanki t\u0142uszczowej. Stanowi alternatyw\u0119 dla inwazyjnej metody mezoterapii ig\u0142owej. W trakcie zabiegu dochodzi do r\u00f3wnoczesnego dzia\u0142ania fali ultrad\u017awi\u0119kowej i impulsowego bod\u017aca elektroterapeutycznego, co pozwala na wywo\u0142anie efektu elektroporacji (tymczasowej p\u00f3\u0142przepuszczalno\u015bci) na b\u0142onach kom\u00f3rkowych. W obszarze sk\u00f3ry poddanej dzia\u0142aniu g\u0142owicy do mezoterapii zachodz\u0105 miejscowe zmiany temperatury, zmiana wewn\u0105trzkom\u00f3rkowego ci\u015bnienia, a substancje aktywne swobodnie wnikaj\u0105 do sk\u00f3ry w\u0142a\u015bciwej i jej kom\u00f3rek (cz\u0105steczki mog\u0105 wnika\u0107 na g\u0142\u0119boko\u015b\u0107 1-2 mm). Daje to efekt przed\u0142u\u017conego dzia\u0142ania zabiegu \u2013 koktajl \u201epracuje\u201d w sk\u00f3rze nawet do 48 h po zabiegu. Mezoterapia bezig\u0142owa daje mo\u017cliwo\u015bci szerokiego wachlarza zastosowa\u0144 w zabiegach miejscowych na twarz i na cia\u0142o. Mezoterapia bezig\u0142owa zapewnia b\u0142yskawiczny lifting sk\u00f3ry, redukcj\u0119 zmarszczek i bruzd, mikromasa\u017c, elektrostymulacj\u0119 mi\u0119\u015bni i popraw\u0119 trofiki tkanek. Efekt uzale\u017cniony jest od rodzaju koktajlu zabiegowego, jaki kosmetyczka\/kosmetolog dobiera w zale\u017cno\u015bci od potrzeb i typu sk\u00f3ry.<\/p>\n<p><strong>Cz\u0119stotliwo\u015b\u0107 zabieg\u00f3w:<\/strong><\/p>\n<ul>\n<li>cz\u0119stotliwo\u015b\u0107: 1 \u2013 2 razy w tygodniu (minimum 72 h)<\/li>\n<li>wskazana seria: 4 \u2013 8 zabieg\u00f3w<\/li>\n<li>czas trwania zabiegu na twarz: 20 minut<\/li>\n<li>czas trwania zabiegu na cia\u0142o: max 40 minut<\/li>\n<li>zabieg podtrzymuj\u0105cy: 1 raz w miesi\u0105cu<\/li>\n<li>kolejna seria: po 6 miesi\u0105cach<\/li>\n<\/ul>\n<p><strong>Wskazania do mezoterapii bezig\u0142owej:<\/strong><\/p>\n<ul>\n<li>utrata elastyczno\u015bci sk\u00f3ry<\/li>\n<li>zmarszczki<\/li>\n<li>sk\u00f3ra sucha, pozbawiona witalno\u015bci<\/li>\n<li>cellulit, rozst\u0119py, nadmiar tkanki t\u0142uszczowej<\/li>\n<\/ul>\n<p><strong>Efekty mezoterapii bezig\u0142owej:<\/strong><\/p>\n<ul>\n<li>b\u0142yskawiczny lifting<\/li>\n<li>redukcja zmarszczek i bruzd<\/li>\n<li>zmniejszenie \u201ework\u00f3w\u201d pod oczami<\/li>\n<li>nawil\u017cenie i dotlenienie sk\u00f3ry<\/li>\n<li>wspomaganie zabieg\u00f3w antycellulitowych i wyszczuplaj\u0105cych<\/li>\n<\/ul>\n<p><strong>Przeciwwskazania do mezoterapii bezig\u0142owej:<\/strong><\/p>\n<ul>\n<li>ci\u0105\u017ca, karmienie piersi\u0105<\/li>\n<li>choroba nowotworowa<\/li>\n<li>stany zapalne sk\u00f3ry<\/li>\n<li>uszkodzenia sk\u00f3ry<\/li>\n<li>niewydolno\u015b\u0107 kr\u0105\u017cenia, choroby \u017cy\u0142<\/li>\n<li>gor\u0105czka, os\u0142abienie i wyniszczenie organizmu<\/li>\n<li>osteoporoza<\/li>\n<li>opryszczka<\/li>\n<li>epilepsja<\/li>\n<li>alergia na sk\u0142adniki stosowanych preparat\u00f3w, nadwra\u017cliwo\u015b\u0107 sk\u00f3ry<\/li>\n<li>choroby serca, rozrusznik serca, zastawka<\/li>\n<li>obecno\u015b\u0107 w okolicy zabiegowej cia\u0142 obcych metalicznych i implant\u00f3w elektronicznych (rozrusznik serca, aparat na z\u0119by, endoproteza itp.)<\/li>\n<\/ul>\n<p>[\/vc_column_text]<\/div><div class=\"single_tab_div\" rel-title=\"Mezoterapia - Zabiegi\" rel-icon=\"\">[vc_column_text]<strong>Rodzaje koktajli do wyboru:<\/strong><\/p>\n<ul>\n<li><strong>hialuronowy<\/strong> \u2013 silnie nawil\u017caj\u0105cy, przeciwzmarszczkowy, dla ka\u017cdego typu cery, zw\u0142aszcza suchej<\/li>\n<li><strong>anti-age<\/strong> \u2013 przeciwzmarszczkowy, liftinguj\u0105cy, od\u017cywczy, dla cery dojrza\u0142ej lub z utrata elastyczno\u015bci i spr\u0119\u017cysto\u015bci<\/li>\n<li><strong>witaminowy<\/strong> \u2013 rewitalizuj\u0105cy, przeciwstarzeniowy, dla cery suchej, szarej, zm\u0119czonej, z tendencj\u0105 do zmarszczek<\/li>\n<li><strong>wzmacniaj\u0105co-\u0142agodz\u0105cy<\/strong> \u2013 dla cery wra\u017cliwej i naczyniowej<\/li>\n<li><strong>serum liftuj\u0105ce na okolice oczu<\/strong><\/li>\n<li><strong>wyszczuplaj\u0105cy<\/strong> <strong>(na cia\u0142o)<\/strong><\/li>\n<\/ul>\n<p>&nbsp;<\/p>\n<p><strong>Ceny zabieg\u00f3w:<\/strong><\/p>\n<p><strong>Opcja I:<\/strong><br \/>\nPeeling + mezoterapia bezig\u0142owa<\/p>\n<ul>\n<li>okolice oczu \u2013 90 z\u0142<\/li>\n<li>twarz \u2013 130 z\u0142<\/li>\n<li>twarz + szyja \u2013 145 z\u0142<\/li>\n<li>twarz + szyja + dekolt \u2013 160 z\u0142<\/li>\n<\/ul>\n<p><strong>Opcja II:<\/strong><br \/>\nPeeling + mezoterapia bezig\u0142owa + maska algowa<\/p>\n<ul>\n<li>okolice oczu \u2013 110 z\u0142<\/li>\n<li>twarz \u2013 160 z\u0142<\/li>\n<li>twarz + szyja \u2013 175 z\u0142<\/li>\n<li>twarz + szyja + dekolt \u2013 190 z\u0142<\/li>\n<\/ul>\n<p><strong>Opcja III:<\/strong><br \/>\nPeeling + mezoterapia bezig\u0142owa (serum kom\u00f3rkowe LUMINESCE) + maska z biocellulozy<\/p>\n<ul>\n<li>okolice oczu \u2013 150 z\u0142<\/li>\n<li>twarz \u2013 250 z\u0142<\/li>\n<li>twarz + szyja \u2013 280 z\u0142<\/li>\n<li>twarz + szyja + dekolt \u2013 310 z\u0142<\/li>\n<\/ul>\n<p><strong>Opcja IV:<\/strong><br \/>\nMezoterapia bezig\u0142owa cia\u0142a (koktajl wyszczuplaj\u0105cy)<\/p>\n<ul>\n<li>sesja pojedyncza (jedna partia cia\u0142a) \u2013 100 z\u0142<\/li>\n<li>sesja podw\u00f3jna (dwie lub wi\u0119cej partii cia\u0142a) \u2013 160 z\u0142<\/li>\n<\/ul>\n<p><strong>Mikrodermabrazja<\/strong> diamentowa do mezoterapii bezig\u0142owej:<\/p>\n<ul>\n<li>okolice oczu \u2013 30 z\u0142<\/li>\n<li>twarz \u2013 40 z\u0142<\/li>\n<li>twarz + szyja \u2013 45 z\u0142<\/li>\n<li>twarz + szyja + dekolt \u2013 50 \u2013 60 z\u0142<\/li>\n<li>wybrana partia cia\u0142a \u2013 50 z\u0142 \u2013 60 z\u0142<\/li>\n<\/ul>\n<p><strong>Dermomasa\u017c<\/strong> do mezoterapii bezig\u0142owej cia\u0142a \u2013 50 % ceny[\/vc_column_text]<\/div><\/div>\n\t\t\t\t<\/div>[\/vc_column][\/vc_row]<\/p>\n","protected":false},"excerpt":{"rendered":"<p>*Strona z ofert\u0105 w budowie, wi\u0119kszo\u015b\u0107 informacji z zak\u0142adce oferta jest nieaktualnych. *Aktualne informacje w zak\u0142adce CENNIK oraz przy bezpo\u015brednim KONTAKCIE z nami. &nbsp; [vc_row][vc_column][\/vc_column][\/vc_row]<\/p>\n","protected":false},"author":3,"featured_media":0,"parent":96,"menu_order":0,"comment_status":"closed","ping_status":"closed","template":"","meta":[],"yoast_head":"<!-- This site is optimized with the Yoast SEO Premium plugin v18.4 (Yoast SEO v19.6.1) - https:\/\/yoast.com\/wordpress\/plugins\/seo\/ -->\n<title>Stopy - Gabinet Kosmetyczny LaLoba<\/title>\n<meta name=\"robots\" content=\"index, follow, max-snippet:-1, max-image-preview:large, max-video-preview:-1\" \/>\n<link rel=\"canonical\" href=\"https:\/\/laloba.pl\/kosmetyka\/oferta\/stopy\/\" \/>\n<meta property=\"og:locale\" content=\"pl_PL\" \/>\n<meta property=\"og:type\" content=\"article\" \/>\n<meta property=\"og:title\" content=\"Stopy\" \/>\n<meta property=\"og:description\" content=\"*Strona z ofert\u0105 w budowie, wi\u0119kszo\u015b\u0107 informacji z zak\u0142adce oferta jest nieaktualnych. *Aktualne informacje w zak\u0142adce CENNIK oraz przy bezpo\u015brednim KONTAKCIE z nami. &nbsp; [vc_row][vc_column][\/vc_column][\/vc_row]\" \/>\n<meta property=\"og:url\" content=\"https:\/\/laloba.pl\/kosmetyka\/oferta\/stopy\/\" \/>\n<meta property=\"og:site_name\" content=\"Gabinet Kosmetyczny LaLoba\" \/>\n<meta property=\"article:modified_time\" content=\"2023-04-06T20:03:40+00:00\" \/>\n<meta name=\"twitter:card\" content=\"summary\" \/>\n<meta name=\"twitter:label1\" content=\"Szacowany czas czytania\" \/>\n\t<meta name=\"twitter:data1\" content=\"4 minuty\" \/>\n<script type=\"application\/ld+json\" class=\"yoast-schema-graph\">{\"@context\":\"https:\/\/schema.org\",\"@graph\":[{\"@type\":\"WebPage\",\"@id\":\"https:\/\/laloba.pl\/kosmetyka\/oferta\/stopy\/\",\"url\":\"https:\/\/laloba.pl\/kosmetyka\/oferta\/stopy\/\",\"name\":\"Stopy - Gabinet Kosmetyczny LaLoba\",\"isPartOf\":{\"@id\":\"https:\/\/laloba.pl\/kosmetyka\/#website\"},\"datePublished\":\"2015-06-23T10:38:59+00:00\",\"dateModified\":\"2023-04-06T20:03:40+00:00\",\"breadcrumb\":{\"@id\":\"https:\/\/laloba.pl\/kosmetyka\/oferta\/stopy\/#breadcrumb\"},\"inLanguage\":\"pl-PL\",\"potentialAction\":[{\"@type\":\"ReadAction\",\"target\":[\"https:\/\/laloba.pl\/kosmetyka\/oferta\/stopy\/\"]}]},{\"@type\":\"BreadcrumbList\",\"@id\":\"https:\/\/laloba.pl\/kosmetyka\/oferta\/stopy\/#breadcrumb\",\"itemListElement\":[{\"@type\":\"ListItem\",\"position\":1,\"name\":\"Strona g\u0142\u00f3wna\",\"item\":\"https:\/\/laloba.pl\/kosmetyka\/\"},{\"@type\":\"ListItem\",\"position\":2,\"name\":\"Oferta\",\"item\":\"https:\/\/laloba.pl\/kosmetyka\/oferta\/\"},{\"@type\":\"ListItem\",\"position\":3,\"name\":\"Stopy\"}]},{\"@type\":\"WebSite\",\"@id\":\"https:\/\/laloba.pl\/kosmetyka\/#website\",\"url\":\"https:\/\/laloba.pl\/kosmetyka\/\",\"name\":\"Gabinet Kosmetyczny LaLoba\",\"description\":\"LaLoba Care&amp;Activity\",\"potentialAction\":[{\"@type\":\"SearchAction\",\"target\":{\"@type\":\"EntryPoint\",\"urlTemplate\":\"https:\/\/laloba.pl\/kosmetyka\/?s={search_term_string}\"},\"query-input\":\"required name=search_term_string\"}],\"inLanguage\":\"pl-PL\"}]}<\/script>\n<!-- \/ Yoast SEO Premium plugin. -->","yoast_head_json":{"title":"Stopy - Gabinet Kosmetyczny LaLoba","robots":{"index":"index","follow":"follow","max-snippet":"max-snippet:-1","max-image-preview":"max-image-preview:large","max-video-preview":"max-video-preview:-1"},"canonical":"https:\/\/laloba.pl\/kosmetyka\/oferta\/stopy\/","og_locale":"pl_PL","og_type":"article","og_title":"Stopy","og_description":"*Strona z ofert\u0105 w budowie, wi\u0119kszo\u015b\u0107 informacji z zak\u0142adce oferta jest nieaktualnych. *Aktualne informacje w zak\u0142adce CENNIK oraz przy bezpo\u015brednim KONTAKCIE z nami. &nbsp; [vc_row][vc_column][\/vc_column][\/vc_row]","og_url":"https:\/\/laloba.pl\/kosmetyka\/oferta\/stopy\/","og_site_name":"Gabinet Kosmetyczny LaLoba","article_modified_time":"2023-04-06T20:03:40+00:00","twitter_card":"summary","twitter_misc":{"Szacowany czas czytania":"4 minuty"},"schema":{"@context":"https:\/\/schema.org","@graph":[{"@type":"WebPage","@id":"https:\/\/laloba.pl\/kosmetyka\/oferta\/stopy\/","url":"https:\/\/laloba.pl\/kosmetyka\/oferta\/stopy\/","name":"Stopy - Gabinet Kosmetyczny LaLoba","isPartOf":{"@id":"https:\/\/laloba.pl\/kosmetyka\/#website"},"datePublished":"2015-06-23T10:38:59+00:00","dateModified":"2023-04-06T20:03:40+00:00","breadcrumb":{"@id":"https:\/\/laloba.pl\/kosmetyka\/oferta\/stopy\/#breadcrumb"},"inLanguage":"pl-PL","potentialAction":[{"@type":"ReadAction","target":["https:\/\/laloba.pl\/kosmetyka\/oferta\/stopy\/"]}]},{"@type":"BreadcrumbList","@id":"https:\/\/laloba.pl\/kosmetyka\/oferta\/stopy\/#breadcrumb","itemListElement":[{"@type":"ListItem","position":1,"name":"Strona g\u0142\u00f3wna","item":"https:\/\/laloba.pl\/kosmetyka\/"},{"@type":"ListItem","position":2,"name":"Oferta","item":"https:\/\/laloba.pl\/kosmetyka\/oferta\/"},{"@type":"ListItem","position":3,"name":"Stopy"}]},{"@type":"WebSite","@id":"https:\/\/laloba.pl\/kosmetyka\/#website","url":"https:\/\/laloba.pl\/kosmetyka\/","name":"Gabinet Kosmetyczny LaLoba","description":"LaLoba Care&amp;Activity","potentialAction":[{"@type":"SearchAction","target":{"@type":"EntryPoint","urlTemplate":"https:\/\/laloba.pl\/kosmetyka\/?s={search_term_string}"},"query-input":"required name=search_term_string"}],"inLanguage":"pl-PL"}]}},"_links":{"self":[{"href":"https:\/\/laloba.pl\/kosmetyka\/wp-json\/wp\/v2\/pages\/776"}],"collection":[{"href":"https:\/\/laloba.pl\/kosmetyka\/wp-json\/wp\/v2\/pages"}],"about":[{"href":"https:\/\/laloba.pl\/kosmetyka\/wp-json\/wp\/v2\/types\/page"}],"author":[{"embeddable":true,"href":"https:\/\/laloba.pl\/kosmetyka\/wp-json\/wp\/v2\/users\/3"}],"replies":[{"embeddable":true,"href":"https:\/\/laloba.pl\/kosmetyka\/wp-json\/wp\/v2\/comments?post=776"}],"version-history":[{"count":3,"href":"https:\/\/laloba.pl\/kosmetyka\/wp-json\/wp\/v2\/pages\/776\/revisions"}],"predecessor-version":[{"id":9772,"href":"https:\/\/laloba.pl\/kosmetyka\/wp-json\/wp\/v2\/pages\/776\/revisions\/9772"}],"up":[{"embeddable":true,"href":"https:\/\/laloba.pl\/kosmetyka\/wp-json\/wp\/v2\/pages\/96"}],"wp:attachment":[{"href":"https:\/\/laloba.pl\/kosmetyka\/wp-json\/wp\/v2\/media?parent=776"}],"curies":[{"name":"wp","href":"https:\/\/api.w.org\/{rel}","templated":true}]}}