{"id":8417,"date":"2021-03-22T12:27:01","date_gmt":"2021-03-22T11:27:01","guid":{"rendered":"https:\/\/laloba.pl\/kosmetyka\/?post_type=product&#038;p=8417"},"modified":"2025-10-09T08:16:19","modified_gmt":"2025-10-09T06:16:19","slug":"bon-podarunkowy-100-zl-gabinetu-kosmetycznego","status":"publish","type":"product","link":"https:\/\/laloba.pl\/kosmetyka\/produkt\/bon-podarunkowy-100-zl-gabinetu-kosmetycznego\/","title":{"rendered":"BON PODARUNKOWY 100 Z\u0141 DO GABINETU KOSMETYCZNEGO"},"content":{"rendered":"<p>Aby wykorzysta\u0107 bon, nale\u017cy dokona\u0107 wcze\u015bniejszej rezerwacji terminu, poinformowa\u0107 o ch\u0119ci realizacji vouchera. Nast\u0119pnie zabra\u0107 go na um\u00f3wion\u0105 wizyt\u0119 i okaza\u0107 przed zabiegiem.<\/p>\n<p>Voucher mo\u017ce by\u0107 wykorzystany jednorazowo lub podzielony na kilka mniejszych zabieg\u00f3w. Po ka\u017cdej wizycie zaktualizujemy w systemie pozosta\u0142\u0105 do wykorzystania kwot\u0119.<\/p>\n<p>Bon b\u0119dzie oznaczony danymi osoby kupuj\u0105cej oraz weryfikowany przez pracownik\u00f3w gabinetu.<\/p>\n<p>Wskaz\u00f3wka:<br \/>\nW okienku \u201eDodatkowe informacje\u201d, w podsumowaniu zam\u00f3wienia mo\u017cesz poda\u0107 imi\u0119, nazwisko i nr telefonu do osoby, kt\u00f3r\u0105 chcesz obdarowa\u0107 bonem. B\u0119dziemy mogli stworzy\u0107 \u201ekopi\u0119 zapasow\u0105\u201d vouchera na jej koncie w naszym systemie gabinetowym (lub w razie braku je utworzy\u0107). U\u0142atwi to realizacj\u0119 zabiegu w przypadku \u201ezapomnienia\u201d wersji papierowej bonu. Dane osoby obdarowanej b\u0119d\u0105 przetwarzane wy\u0142\u0105cznie w celu realizacji bonu.<\/p>\n<p>&nbsp;<\/p>\n<p>Jak b\u0119dzie wygl\u0105da\u0142 Voucher?<\/p>\n<p>Poni\u017cej wz\u00f3r bonu, kt\u00f3ry b\u0119dzie do pobrania.<\/p>\n<p>&nbsp;<\/p>\n<p><img loading=\"lazy\" class=\"size-medium wp-image-8426 aligncenter\" src=\"https:\/\/laloba.pl\/kosmetyka\/wp-content\/uploads\/WZOR_BON-212x300.jpg\" alt=\"Wz\u00f3r bonu\" width=\"212\" height=\"300\" srcset=\"https:\/\/laloba.pl\/kosmetyka\/wp-content\/uploads\/WZOR_BON-212x300.jpg 212w, https:\/\/laloba.pl\/kosmetyka\/wp-content\/uploads\/WZOR_BON.jpg 600w\" sizes=\"(max-width: 212px) 100vw, 212px\" \/><\/p>\n","protected":false},"excerpt":{"rendered":"<p>Bon upominkowy o warto\u015bci 100 z\u0142 do wykorzystania na dowolne zabiegi w gabinecie kosmetycznym LaLoba Care&amp;Activity w Krakowie przy ul. Beskidzkiej 30C.<\/p>\n<p>Po zakupie otrzymasz emailem voucher w formie pliku PDF do pobrania i wydrukowania.<\/p>\n<p>Termin wa\u017cno\u015bci bonu \u2013 3 miesi\u0105ce od daty zakupu.<\/p>\n[boc_button btn_content=\"WI\u0118CEJ BON\u00d3W PODARUNKOWYCH\" href=\"https:\/\/laloba.pl\/kosmetyka\/kategoria-produktu\/voucher-do-kosmetyczki\/\" icon=\"icon icon-play\"]\n","protected":false},"featured_media":9017,"comment_status":"open","ping_status":"closed","template":"","meta":[],"product_cat":[370,371],"product_tag":[],"yoast_head":"<!-- This site is optimized with the Yoast SEO Premium plugin v18.4 (Yoast SEO v19.6.1) - https:\/\/yoast.com\/wordpress\/plugins\/seo\/ -->\n<title>BON PODARUNKOWY 100 Z\u0141 DO GABINETU KOSMETYCZNEGO - Gabinet Kosmetyczny LaLoba<\/title>\n<meta name=\"robots\" content=\"index, follow, max-snippet:-1, max-image-preview:large, max-video-preview:-1\" \/>\n<link rel=\"canonical\" href=\"https:\/\/laloba.pl\/kosmetyka\/produkt\/bon-podarunkowy-100-zl-gabinetu-kosmetycznego\/\" \/>\n<meta property=\"og:locale\" content=\"pl_PL\" \/>\n<meta property=\"og:type\" content=\"article\" \/>\n<meta property=\"og:title\" content=\"BON PODARUNKOWY 100 Z\u0141 DO GABINETU KOSMETYCZNEGO\" \/>\n<meta property=\"og:description\" content=\"Bon upominkowy o warto\u015bci 100 z\u0142 do wykorzystania na dowolne zabiegi w gabinecie kosmetycznym LaLoba Care&amp;Activity w Krakowie przy ul. Beskidzkiej 30C.  Po zakupie otrzymasz emailem voucher w formie pliku PDF do pobrania i wydrukowania.  Termin wa\u017cno\u015bci bonu \u2013 3 miesi\u0105ce od daty zakupu.\" \/>\n<meta property=\"og:url\" content=\"https:\/\/laloba.pl\/kosmetyka\/produkt\/bon-podarunkowy-100-zl-gabinetu-kosmetycznego\/\" \/>\n<meta property=\"og:site_name\" content=\"Gabinet Kosmetyczny LaLoba\" \/>\n<meta property=\"article:modified_time\" content=\"2025-10-09T06:16:19+00:00\" \/>\n<meta property=\"og:image\" content=\"https:\/\/laloba.pl\/kosmetyka\/wp-content\/uploads\/voucher_100zl_miniaturka.jpg\" \/>\n\t<meta property=\"og:image:width\" content=\"1000\" \/>\n\t<meta property=\"og:image:height\" content=\"1000\" \/>\n\t<meta property=\"og:image:type\" content=\"image\/jpeg\" \/>\n<meta name=\"twitter:card\" content=\"summary\" \/>\n<meta name=\"twitter:label1\" content=\"Szacowany czas czytania\" \/>\n\t<meta name=\"twitter:data1\" content=\"1 minuta\" \/>\n<script type=\"application\/ld+json\" class=\"yoast-schema-graph\">{\"@context\":\"https:\/\/schema.org\",\"@graph\":[{\"@type\":\"WebPage\",\"@id\":\"https:\/\/laloba.pl\/kosmetyka\/produkt\/bon-podarunkowy-100-zl-gabinetu-kosmetycznego\/\",\"url\":\"https:\/\/laloba.pl\/kosmetyka\/produkt\/bon-podarunkowy-100-zl-gabinetu-kosmetycznego\/\",\"name\":\"BON PODARUNKOWY 100 Z\u0141 DO GABINETU KOSMETYCZNEGO - Gabinet Kosmetyczny LaLoba\",\"isPartOf\":{\"@id\":\"https:\/\/laloba.pl\/kosmetyka\/#website\"},\"datePublished\":\"2021-03-22T11:27:01+00:00\",\"dateModified\":\"2025-10-09T06:16:19+00:00\",\"breadcrumb\":{\"@id\":\"https:\/\/laloba.pl\/kosmetyka\/produkt\/bon-podarunkowy-100-zl-gabinetu-kosmetycznego\/#breadcrumb\"},\"inLanguage\":\"pl-PL\",\"potentialAction\":[{\"@type\":\"ReadAction\",\"target\":[\"https:\/\/laloba.pl\/kosmetyka\/produkt\/bon-podarunkowy-100-zl-gabinetu-kosmetycznego\/\"]}]},{\"@type\":\"BreadcrumbList\",\"@id\":\"https:\/\/laloba.pl\/kosmetyka\/produkt\/bon-podarunkowy-100-zl-gabinetu-kosmetycznego\/#breadcrumb\",\"itemListElement\":[{\"@type\":\"ListItem\",\"position\":1,\"name\":\"Strona g\u0142\u00f3wna\",\"item\":\"https:\/\/laloba.pl\/kosmetyka\/\"},{\"@type\":\"ListItem\",\"position\":2,\"name\":\"Bony podarunkowe\",\"item\":\"https:\/\/laloba.pl\/kosmetyka\/kup-voucher\/\"},{\"@type\":\"ListItem\",\"position\":3,\"name\":\"BON PODARUNKOWY 100 Z\u0141 DO GABINETU KOSMETYCZNEGO\"}]},{\"@type\":\"WebSite\",\"@id\":\"https:\/\/laloba.pl\/kosmetyka\/#website\",\"url\":\"https:\/\/laloba.pl\/kosmetyka\/\",\"name\":\"Gabinet Kosmetyczny LaLoba\",\"description\":\"LaLoba Care&amp;Activity\",\"potentialAction\":[{\"@type\":\"SearchAction\",\"target\":{\"@type\":\"EntryPoint\",\"urlTemplate\":\"https:\/\/laloba.pl\/kosmetyka\/?s={search_term_string}\"},\"query-input\":\"required name=search_term_string\"}],\"inLanguage\":\"pl-PL\"}]}<\/script>\n<!-- \/ Yoast SEO Premium plugin. -->","yoast_head_json":{"title":"BON PODARUNKOWY 100 Z\u0141 DO GABINETU KOSMETYCZNEGO - Gabinet Kosmetyczny LaLoba","robots":{"index":"index","follow":"follow","max-snippet":"max-snippet:-1","max-image-preview":"max-image-preview:large","max-video-preview":"max-video-preview:-1"},"canonical":"https:\/\/laloba.pl\/kosmetyka\/produkt\/bon-podarunkowy-100-zl-gabinetu-kosmetycznego\/","og_locale":"pl_PL","og_type":"article","og_title":"BON PODARUNKOWY 100 Z\u0141 DO GABINETU KOSMETYCZNEGO","og_description":"Bon upominkowy o warto\u015bci 100 z\u0142 do wykorzystania na dowolne zabiegi w gabinecie kosmetycznym LaLoba Care&amp;Activity w Krakowie przy ul. Beskidzkiej 30C.  Po zakupie otrzymasz emailem voucher w formie pliku PDF do pobrania i wydrukowania.  Termin wa\u017cno\u015bci bonu \u2013 3 miesi\u0105ce od daty zakupu.","og_url":"https:\/\/laloba.pl\/kosmetyka\/produkt\/bon-podarunkowy-100-zl-gabinetu-kosmetycznego\/","og_site_name":"Gabinet Kosmetyczny LaLoba","article_modified_time":"2025-10-09T06:16:19+00:00","og_image":[{"width":1000,"height":1000,"url":"https:\/\/laloba.pl\/kosmetyka\/wp-content\/uploads\/voucher_100zl_miniaturka.jpg","type":"image\/jpeg"}],"twitter_card":"summary","twitter_misc":{"Szacowany czas czytania":"1 minuta"},"schema":{"@context":"https:\/\/schema.org","@graph":[{"@type":"WebPage","@id":"https:\/\/laloba.pl\/kosmetyka\/produkt\/bon-podarunkowy-100-zl-gabinetu-kosmetycznego\/","url":"https:\/\/laloba.pl\/kosmetyka\/produkt\/bon-podarunkowy-100-zl-gabinetu-kosmetycznego\/","name":"BON PODARUNKOWY 100 Z\u0141 DO GABINETU KOSMETYCZNEGO - Gabinet Kosmetyczny LaLoba","isPartOf":{"@id":"https:\/\/laloba.pl\/kosmetyka\/#website"},"datePublished":"2021-03-22T11:27:01+00:00","dateModified":"2025-10-09T06:16:19+00:00","breadcrumb":{"@id":"https:\/\/laloba.pl\/kosmetyka\/produkt\/bon-podarunkowy-100-zl-gabinetu-kosmetycznego\/#breadcrumb"},"inLanguage":"pl-PL","potentialAction":[{"@type":"ReadAction","target":["https:\/\/laloba.pl\/kosmetyka\/produkt\/bon-podarunkowy-100-zl-gabinetu-kosmetycznego\/"]}]},{"@type":"BreadcrumbList","@id":"https:\/\/laloba.pl\/kosmetyka\/produkt\/bon-podarunkowy-100-zl-gabinetu-kosmetycznego\/#breadcrumb","itemListElement":[{"@type":"ListItem","position":1,"name":"Strona g\u0142\u00f3wna","item":"https:\/\/laloba.pl\/kosmetyka\/"},{"@type":"ListItem","position":2,"name":"Bony podarunkowe","item":"https:\/\/laloba.pl\/kosmetyka\/kup-voucher\/"},{"@type":"ListItem","position":3,"name":"BON PODARUNKOWY 100 Z\u0141 DO GABINETU KOSMETYCZNEGO"}]},{"@type":"WebSite","@id":"https:\/\/laloba.pl\/kosmetyka\/#website","url":"https:\/\/laloba.pl\/kosmetyka\/","name":"Gabinet Kosmetyczny LaLoba","description":"LaLoba Care&amp;Activity","potentialAction":[{"@type":"SearchAction","target":{"@type":"EntryPoint","urlTemplate":"https:\/\/laloba.pl\/kosmetyka\/?s={search_term_string}"},"query-input":"required name=search_term_string"}],"inLanguage":"pl-PL"}]}},"_links":{"self":[{"href":"https:\/\/laloba.pl\/kosmetyka\/wp-json\/wp\/v2\/product\/8417"}],"collection":[{"href":"https:\/\/laloba.pl\/kosmetyka\/wp-json\/wp\/v2\/product"}],"about":[{"href":"https:\/\/laloba.pl\/kosmetyka\/wp-json\/wp\/v2\/types\/product"}],"replies":[{"embeddable":true,"href":"https:\/\/laloba.pl\/kosmetyka\/wp-json\/wp\/v2\/comments?post=8417"}],"wp:featuredmedia":[{"embeddable":true,"href":"https:\/\/laloba.pl\/kosmetyka\/wp-json\/wp\/v2\/media\/9017"}],"wp:attachment":[{"href":"https:\/\/laloba.pl\/kosmetyka\/wp-json\/wp\/v2\/media?parent=8417"}],"wp:term":[{"taxonomy":"product_cat","embeddable":true,"href":"https:\/\/laloba.pl\/kosmetyka\/wp-json\/wp\/v2\/product_cat?post=8417"},{"taxonomy":"product_tag","embeddable":true,"href":"https:\/\/laloba.pl\/kosmetyka\/wp-json\/wp\/v2\/product_tag?post=8417"}],"curies":[{"name":"wp","href":"https:\/\/api.w.org\/{rel}","templated":true}]}}